*y**2. Calculate x(-56).
7
Let f(w) = 30*w - 25. Let k(r) = 7*r - 6. Let d = 92 - 17. Suppose -3*s + 93 = d. Let i(m) = s*f(m) - 25*k(m). What is i(-1)?
-5
Let n be 1*19 - (5 + -4) - 2. Suppose -n + 21 = c. Let k(t) = t + c*t - 64 + 66. What is k(-4)?
-22
Let p = 982 + -982. Let a(t) be the first derivative of 1/3*t**3 - 3/2*t**2 + 27 + p*t. Give a(4).
4
Suppose -n = -2*l, -3*l - 5*n + 30 = 4. Let a(p) = -p**3 + 9 + 7*p + 2 - l*p**2 + 9*p**2. Suppose 3*m = -m + 32. Determine a(m).
3
Let p(b) = -2*b**2 + b**2 + 3*b**2 + b. Let j(t) = 11*t**2 + 139*t + 357. Let a be j(-9). What is p(a)?
15
Let p = 476 - 470. Suppose 0 = p*m - 31 + 67. Let l(g) = 1. Let k(d) = d + 12. Let o(n) = -k(n) + 4*l(n). What is o(m)?
-2
Let o(k) be the first derivative of k**4/4 + 7*k**3/3 + 2*k**2 + 12*k - 1101. Calculate o(-5).
42
Let j(m) = 877 - 5*m + 19*m + 2*m**2 - 890 - m**2. Calculate j(-15).
2
Let f(i) = 6 - 5*i + i - i - 3 - 9*i. Let p(t) = -31*t + 7. Let x(c) = 9*f(c) - 4*p(c). What is x(-3)?
5
Suppose -2*y + 2*v = -3*v - 43, -y + 20 = -2*v. Let h be y*(3/6 - 0). Let z(s) = 0*s - h*s + 0*s + 6*s + 6. Calculate z(-6).
12
Let c(v) = -v**3 + 8*v**2 - 9*v + 14. Suppose 3*i - 25 = -2*f, 5*f + 42*i - 52 = 38*i. Calculate c(f).
-58
Let n(d) = -57*d - 3. Let l(q) = -19*q - 1. Let r(o) = -7*l(o) + 2*n(o). Suppose 0 = 5982*s - 5978*s + 12, 2*y + 10 = -4*s. Calculate r(y).
20
Let f(n) = -17*n - 2. Let t(r) = 38*r + 6. Let g(j) = -9*f(j) - 4*t(j). Suppose -3*s = 0, 5*s + 35 = c - 6*c. What is g(c)?
-13
Let g(w) = -w**3 - 4*w**2 - 10*w - 14. Suppose 0 = q - 25 + 12 + 9, b = -q. What is g(b)?
26
Let x be (250/15)/((-4)/6*-1). Suppose 5*k - x = -10. Let q(n) = 7*n**3 - 5*n**k + 4*n**3 + 5*n**2 - 7*n**3 + 2 + 7*n. Give q(6).
8
Let i = -18 - -13. Let o(j) = 5 + 2*j + 2*j - 6*j + 4*j. Calculate o(i).
-5
Let q(p) = 38*p + 73. Let d = 1685 - 1687. Calculate q(d).
-3
Let w(o) be the second derivative of -7/3*o**3 + o**2 + 13/12*o**4 + 1/20*o**5 + 4 - o. What is w(-14)?
2
Let y = 3691 + -3689. Let c(z) be the first derivative of -1/3*z**3 + 0*z**y + 0*z - 1. Calculate c(3).
-9
Let c(h) = -10*h + 126 + 73 - 13*h + 24 + 45. What is c(12)?
-8
Let k(f) be the second derivative of -f**4/12 + f**3 + 7*f**2/2 - 16*f - 49. Determine k(8).
-9
Suppose -4 + 46 = -6*q. Let f(i) be the second derivative of i**5/120 - i**4/12 + 5*i**3 + 6*i. Let r(d) be the second derivative of f(d). Determine r(q).
-9
Let g(v) = 2*v**3 - v**2 - v + 1. Let d(h) = -35*h**3 + 10*h**2 + 28*h + 3. Let n(p) = -d(p) - 17*g(p). Suppose -l = 3*l + 32. What is n(l)?
4
Let a(x) = 4*x**3 - 5*x**2 + 2*x - 4. Let u(k) = -3*k**3 + 5*k**2 - 2*k + 5. Let c(j) = -2*a(j) - 3*u(j). Let i be (-22)/(-4) + 13/(-26). What is c(i)?
3
Let s(t) = -31*t**2 + 17*t + 14. Let h(g) = 54*g**2 - 33*g - 27. Let o(w) = 4*h(w) + 7*s(w). What is o(-11)?
12
Let c = -1161 - -1165. Let w(u) = 5*u - 21. What is w(c)?
-1
Suppose 2 = -c - m, -2*c + 3*m - 4 = -20. Let z(l) = -8*l**c + l**3 + 8 + 8*l - 10 + 0*l**3. Calculate z(6).
-26
Let a(t) = 5*t + t + 13 - 2*t. Let j(c) = 2*c + 6. Suppose 0 = 2*f + 5*b - 7, -4*b = -4*f - 5 - 51. Let v(n) = f*j(n) + 4*a(n). Give v(-2).
2
Let a(x) = -6*x - 219. Let j be 16/(-22) - 13072/418 - 18/2. Calculate a(j).
27
Let x(l) be the first derivative of 2 - 6*l + 1/2*l**2. Let d be (15/6)/((-148)/(-296)). Calculate x(d).
-1
Suppose -62*d + 116*d + 810 = 0. Let u(q) = 2*q - 7. Determine u(d).
-37
Suppose 2*s = -5*q - 93, -3*s + 8*s = 3*q + 31. Let y(b) = b**3 + 13*b**2 - 67*b + 22. Calculate y(q).
5
Let i(s) be the third derivative of 109*s**2 + 0 + 1/24*s**4 + 0*s + 4/15*s**5 - 1/6*s**3. Determine i(-1).
14
Let g(s) be the first derivative of s**4/4 - 8*s**3/3 - s**2/2 + 12*s + 265. What is g(8)?
4
Let a be (56/(-10))/((-4)/10). Let g be 56/(-16)*(-12)/a. Let y(z) = 24*z**3 + g - 10*z**3 - 13*z**3 + 4*z**2 + 3*z. Determine y(-4).
-9
Suppose 5 = -3*n + 41. Suppose -16*l = -18*l + n. Let y(m) = 0*m - l*m + 1 + 2*m. Give y(1).
-3
Let d(y) be the first derivative of -3/2*y**2 - y**3 + 14 - 5*y + 1/4*y**4. Determine d(4).
-1
Let l(p) be the second derivative of 2 + 3/2*p**2 + 1/3*p**3 - 1/12*p**4 - 12*p. Determine l(-3).
-12
Let b(i) = i**2 + 3*i - 6. Let a(r) = r**3 - 9*r**2. Let l be a(9). Suppose 4*w - s - 31 = l, -1 - 2 = -2*w + 3*s. Suppose -4*z - 11 = w. Give b(z).
4
Let p(i) = -i**2 + i - 1. Let d(q) = -10*q**2 + 4*q - 4. Let f(k) = -d(k) + 4*p(k). Let w = 405 - 407. What is f(w)?
24
Suppose 46*w - 50*w = -12. Let m(n) = 4*n - 26*n**3 - 2 + 51*n**3 - 6*n + 5*n**2 - 26*n**w - n**2. Determine m(2).
2
Let v(z) = -9*z**2 + 4*z - 1. Let u(i) = 8*i**2 - 2*i**2 - 15*i**2 + 5*i - 2. Let a(o) = 2*u(o) - 3*v(o). Let q = -1 + 0. Determine a(q).
10
Let y(f) = -11*f**3 + 37*f**2 - 17*f - 59. Let i(d) = -18*d**3 + 61*d**2 - 28*d - 98. Let c(r) = -8*i(r) + 13*y(r). Give c(5).
-18
Let b(t) = -3*t**3 + 15*t**2 - t + 8. Let l be b(5). Let o(k) = -k**3 + 2*k**2 + 4*k - 4. Determine o(l).
-1
Let q(m) = -7*m**3 - 22*m**2 - 16*m - 15. Let r(u) = 3*u**3 + 11*u**2 + 8*u + 7. Let g(c) = 2*q(c) + 5*r(c). Determine g(-9).
95
Let y(d) = d**3 + 30*d**2 - 170*d + 178. Let t be y(-35). Let q(x) = 3*x - 11. Determine q(t).
-2
Let a(x) be the first derivative of 4/3*x**3 - 137 - 1/4*x**4 - 1/2*x**2 + 2*x. Calculate a(4).
-2
Let h(v) = -13*v**3 + 10*v**2 + 8*v - 43. Let x(c) = -6*c**3 + 5*c**2 + 4*c - 20. Let p(s) = -5*h(s) + 11*x(s). Determine p(6).
-17
Let c(r) = -16*r + 63. Let o be -6 + -21 + 15 + 15. Calculate c(o).
15
Let r(w) = -2*w**2 - 7*w + 2. Let c(d) = d**2 + d. Let p(o) = c(o) + r(o). Let a(h) = h**2 - 8*h - 67. Let l be a(13). Let m be (-56)/10 + l/5. What is p(m)?
2
Let p be (-1)/(0 + 1) - -1. Let m(u) = p*u - 2*u - 2*u + 3*u. Let y = -678 + 674. Calculate m(y).
4
Let j(v) = 4*v. Let k be 10/40 - (-10)/(-8). Let w be k + 4 + -1 + -3. Let u be 3 + -2*w/(-2)*1. Determine j(u).
8
Suppose 10*q = 7*q + g + 237, 4*g - 222 = -3*q. Let i = q - 72. Let f(h) be the first derivative of h**2/2 - 12*h + 5. Calculate f(i).
-6
Suppose 98 = -1363*y + 1377*y. Let b(c) = -13*c**2 + 11*c + 19. Let o(h) = -3*h**2 + 3*h + 5. Let s(p) = 2*b(p) - 9*o(p). What is s(y)?
7
Suppose -3 = -0*j - j. Suppose 5*l + 0*m - 12 = 4*m, j*m + 6 = 3*l. Let g(i) = i**2 - 5*i. Give g(l).
-4
Let u(i) = -63. Let q(d) = -d - 25. Let b(k) = -5*q(k) + 2*u(k). Let y(l) = l**3 - 2*l**2 - 1. Let j be y(2). Determine b(j).
-6
Let u(g) = 2*g**3 - 38*g**2 + 68*g + 5. Let z be u(2). Let n(i) = -9*i + 29. Give n(z).
-16
Let j(h) be the first derivative of -h**3/3 + 2*h**2 + 10. Let u = -26 - -29. Determine j(u).
3
Let x(q) = 31 + 877*q**2 - 878*q**2 + q - 26 - 7*q. Give x(-6).
5
Let b(o) = 9*o - 1. Let h(y) = 49*y - 7. Let q(l) = 11*b(l) - 2*h(l). Suppose 4*r = -3*n + 47, r + 0*r - 14 = -n. Let u be (n/2)/(33/(-44)). Give q(u).
-3
Let s be 3/(-9)*2*(-8 + 11). Let w be 3 + 2 + (-9 - -3 - -3). Let g(o) = 2*o**3 - o**2 - o**3 - 5*o - w + 3*o - 2*o**3. Give g(s).
6
Let i(j) = -j**3 + 29*j**2 - 52*j - 44. Let n(h) = h**3 + 9*h**2 + 18*h + 27. Let c be n(-6). Determine i(c).
10
Let b(m) = 27*m**3 - 4*m - 3*m - 26*m**3 + 3*m + 2 + 2*m**2 + 3*m. What is b(0)?
2
Let c(b) = 76 + b**2 - 151 + b**3 + 74. Let t(y) = -3*y**3 - 2*y**2 + 2. Let v(i) = 2*c(i) + t(i). What is v(1)?
-1
Let b(d) = 7*d**2 + 26*d + 29. Let h(w) = -4*w**2 - 7*w - 1. Let a(s) = -b(s) - 2*h(s). What is a(-2)?
1
Let j(c) = c**3 - 9*c**2 - 9*c - 11. Let k be (-2)/((-2 - 22/(-10))*-1). Determine j(k).
-1
Let w be (10*(-4)/(-50))/(6/45). Let o be 3*(-2)/w*(-1 - -1). Let y(z) = z - 5. Let t(m) = -m + 4. Let d(i) = 4*t(i) + 3*y(i). Give d(o).
1
Suppose -v - 2*v + 6 = 0. Let k be (3/v)/(2/(-8)). Let b(f) be the third derivative of f**6/120 + 7*f**5/60 + 7*f**4/24 + f**3/6 - 7*f**2. Determine b(k).
-5
Suppose h + 29 = 4*n, -182 = 4*h + n - 15. Let i = h - -39. Let l be i/(-4) - (7/(-2) + 1). Let p(v) = v**2 + v. Determine p(l).
12
Let v(p) be the third derivative of p**6/120 - p**5/12 - 7*p**4/12 + 16*p**3/3 - 2*p**2 + 12251*p. Give v(3).
-28
Suppose 66*j = -303 - 114 + 87. Let t(a) = a**3 + 4*a**2 - 39*a - 165. Determine t(j).
5
Let x = 54 - 51. Suppose 4*w = -x*w + w. Let d(c) = w + 2*c - 5*c + c**2 + 7 - 5. Calculate d(2).
0
Let r(g) be the second derivative of 34*g + 3 + 3/2*g**2 - 1/3*g**3. What is r(5)?
-7
Let w(u) = -4*u - 10. Le